 be o(-9). Calculate the greatest common factor of d and y.
20
Suppose -5*w - 444 = -4*v, 76*v + w - 2658 = 55*v. Let q be ((-140)/(-2))/(1/3). What is the greatest common divisor of v and q?
42
Let b(z) = -20*z + 345. Let q(p) = -14*p + 230. Let o(h) = -5*b(h) + 8*q(h). Let g be o(8). Calculate the highest common divisor of g and 1.
1
Let k = 140 - 24. Suppose 2*m + 3*a = 138, -3*m + k = a - 91. Calculate the greatest common divisor of m and 3.
3
Let y = -604 - -656. Let u be (-13)/y + (2 - (-665)/4). Calculate the highest common divisor of 56 and u.
56
Let c be -18 + -9 + 47 - -18648. What is the highest common divisor of c and 52?
52
Let n be (51/(-12))/(2/(-192)). Suppose -5*w = 12*s - 15*s + 312, 0 = 4*s - 4*w - n. What is the greatest common factor of 330 and s?
33
Suppose -2*c - 168 = 66. Let r = c + 173. Let s(f) = f**2 - 3*f - 11. Let k be s(6). Calculate the highest common divisor of k and r.
7
Let j = -571 + 582. Suppose -13*y = j*y - 2040. What is the highest common factor of 5 and y?
5
Let r be (-286)/(-33)*(-42)/(-2). Let y(u) = 3*u + 20. Suppose 8*h = 3*h + 10. Let a be y(h). Calculate the greatest common divisor of r and a.
26
Let c = 207 + -195. Suppose 3*s = -s + 28. Suppose -4*t + s + 5 = 0. What is the greatest common divisor of t and c?
3
Let k be (-6 + 40/140)/((-2)/14). What is the highest common divisor of k and 18840?
40
Suppose 37 = 104*y - 102*y + 3*s, -11 = 3*y - 5*s. Calculate the highest common divisor of y and 3032.
8
Let f = -461 - -709. Calculate the highest common divisor of 1364 and f.
124
Let m(u) = 648*u + 4207. Let y be m(-6). What is the greatest common factor of y and 803?
11
Suppose 0 = -20*k + 18*k - 12. Let h be 3/((-3*k/(-135))/2). Let g = h + 84. What is the greatest common divisor of 429 and g?
39
Let z be -100*(-3)/(14 + -2). What is the greatest common divisor of 215 and z?
5
Let t = -70 + -73. Let v = 91 + t. Let c = v - -58. Calculate the highest common divisor of 8 and c.
2
Let y be (-152)/10*(-3)/(-6)*-15. Calculate the greatest common divisor of y and 6897.
57
Let r(l) = -42*l**2 + 305*l + 7. Let t be r(7). What is the highest common factor of 116 and t?
4
Let q(x) = -x**3 + 6*x**2 - 7. Let v be q(5). Suppose 73*m = 69*m + 4. Let h = m - -71. What is the highest common divisor of v and h?
18
Let p(b) = -b**3 + 6*b**2 - 4*b - 5. Let z be p(3). Let a be ((-12)/z)/((-18)/240). Suppose 0 = -c - c + 224. Calculate the greatest common divisor of c and a.
16
Suppose -52219*r = -52221*r + 426. What is the highest common divisor of r and 3?
3
Suppose -r + 3*x + 952 = -184, 5*x - 4527 = -4*r. Calculate the highest common factor of r and 88.
11
Let a = -26135 + 26250. Calculate the highest common divisor of a and 6095.
115
Let c be (-4380)/(-27) - (346/18 - 19). What is the greatest common factor of 864 and c?
54
Let c = 359 + -308. Let h(u) = -u**3 - 4*u**2 + 3*u + 5. Let d be h(-5). Suppose -3*j = 2*j - d. Calculate the highest common divisor of c and j.
3
Suppose 18 = 6*u - 3*u - 3*x, 0 = 5*u + 4*x + 6. Let n(y) = -5*y**2 - 61*y + 131. Let s be n(-14). What is the greatest common factor of s and u?
1
Suppose -5*d + 70 = -0*d. Let p(w) = -w**2 - 8*w - 15. Let j be p(-5). Suppose g + 14*g - 2310 = j. Calculate the greatest common factor of g and d.
14
Suppose -2*r = 32 - 48. Suppose -3*h + 78 = -10*w + r*w, -4*h = 4*w - 84. Let j = -3 - -21. What is the highest common divisor of h and j?
6
Let t = -4 - -719. Calculate the greatest common divisor of t and 4147.
143
Suppose 4*n - 31*a + 64 = -33*a, -2*a = 8. Let t be (-9805)/(-35) + 0 + 2/n. Calculate the highest common divisor of 112 and t.
56
Suppose 0 = 8*l + 2*l - 120. Suppose -5*k + l = -3*k. Suppose -i + k = 1. What is the greatest common factor of i and 35?
5
Suppose 435 = -14*c + 19*c. Suppose 184*b - 145 = 179*b. What is the highest common factor of c and b?
29
Let x(p) = p**3 + 8*p**2 + 12*p + 2. Let c be x(-6). Suppose 2*r + 5*n = 71, c*r = 5*n + 33 + 8. Calculate the greatest common factor of r and 35.
7
Let q(d) = -2*d**2 - 2*d**3 - 2 + 12 + 4*d**3 - 9*d. Let h be q(4). Calculate the highest common divisor of h and 14.
14
Let m = -2935 + 4147. Suppose -18*i + m = -30. Calculate the greatest common factor of 276 and i.
69
Let k(c) = 62*c**3 + c**2 - 2*c + 2. Let t be k(1). Let i = -58 + 100. Calculate the highest common divisor of t and i.
21
Let z be 480/225 - (-8)/(-60). Suppose z*q = 2, -5*i - 5*q = -q - 3614. Calculate the highest common factor of i and 38.
38
Let o(q) = q**2 - 4*q - 9. Let l be o(-6). Suppose 26*x = -7*x + x + 4352. Calculate the highest common factor of l and x.
17
Suppose -4*s = -2*z + 3 + 55, -3*z - 5*s = -65. Let v = -48100 - -48125. Calculate the greatest common factor of z and v.
25
Let d(g) = 92*g**3 - g**2 - 9*g + 36. Let y be d(3). Calculate the greatest common factor of y and 108.
108
Let r(a) = -2 + 1 - 1277*a + 1296*a - 4. Let g be r(5). Suppose t - 7 = 3. Calculate the greatest common factor of g and t.
10
Let y be 16/6*(-72)/(-84)*(-301)/(-2). Calculate the highest common divisor of 4 and y.
4
Suppose -6*a - 103 = -553. Suppose 3*g - a = -18. Calculate the greatest common factor of g and 304.
19
Suppose 0 = 2*r + g - 4, -2*g - 10 = -r - r. Let v = 128 - 71. Let x = v - r. Calculate the highest common divisor of x and 12.
6
Let p be 12 + 16/(-2) - (2 - -2). Let j = -1 - -6. Suppose 5*l + p*l = -j*o + 35, -9 = -o + l. Calculate the highest common divisor of 40 and o.
8
Let v = -4 + 57. Let w = 12724 - 11823. Calculate the highest common factor of w and v.
53
Suppose 0 = -6*d + 3*d + 99. Let g = -142 - -147. Suppose h + 2*h - 2*l - 604 = 0, -3*h + 569 = g*l. Calculate the highest common factor of d and h.
33
Let t be (1 + -11)*(4919/(-7) - (-9)/(-7)). Calculate the greatest common divisor of 330 and t.
110
Let i(q) be the first derivative of -7/2*q**2 - 10*q - 11/4*q**4 - q**3 + 30. Let l be i(-2). Calculate the greatest common factor of l and 64.
16
Suppose 2*u = -3*z + 1325 + 3441, 2*z = -12. Calculate the greatest common divisor of 56 and u.
8
Suppose -4*f = k - 1778 + 177, 5*k - 2020 = -5*f. Suppose -39*d + 1082 + 5587 = 0. What is the highest common factor of f and d?
57
Let t = 12138 + -12076. What is the greatest common factor of t and 2542?
62
Let l(k) = -7*k + 1997. Let r be l(60). What is the greatest common divisor of r and 19?
19
Suppose 0 = -4*s - 2*c + 180, -4*s + 7*s = -2*c + 134. Let a(y) = 12*y + 21. Let x be a(4). What is the greatest common divisor of x and s?
23
Suppose -13*z + 6*z + 121 = 4*z. Calculate the greatest common factor of 913 and z.
11
Suppose n = -7*n + 24. Let g be 4/n*(-6)/(-4). What is the greatest common divisor of 16 and g?
2
Let k be 2*((-654)/60 + 11) + 24598/10. What is the highest common divisor of 840 and k?
60
Suppose 5*k - 1195 = -5*l, -2*l + k + 510 = 26. Calculate the highest common factor of l and 4.
1
Let m(p) = p**3 + 9*p**2 - 9. Suppose 3*o - 8 = 4*o. Let r be m(o). Let c = 95 - r. Calculate the greatest common factor of c and 5.
5
Let i(z) = 231*z + 11122. Let r be i(-48). What is the highest common factor of r and 4267?
17
Let j = -11917 - -12983. What is the greatest common divisor of 286 and j?
26
Suppose 0 = 40*a - 45*a + 15. Let l be -4*(0 + 5)*a/(-3). Calculate the greatest common factor of l and 20.
20
Let k = 21 - 11. Let s(w) = -12*w + 6*w**2 - 3*w - 1 - 5 - 5*w. Let o be s(4). Calculate the highest common divisor of k and o.
10
Let x(k) = -2*k**3 - 25*k**2 + 15*k + 36. Let t be x(-13). Calculate the highest common divisor of t and 1805.
5
Let y(o) = o**3 + o**2 + 2*o + 6. Suppose 0 = 20*n - 9 - 51. Let q be y(n). What is the highest common divisor of q and 16?
16
Let f = -72 - -86. Suppose -f*r - 65 = -1731. Calculate the greatest common divisor of r and 68.
17
Suppose 0 = 90*u + 1115 - 9035. Calculate the greatest common divisor of u and 1364.
44
Suppose 0 = -67*g + 2732 + 484. What is the greatest common factor of g and 15216?
48
Let v(q) = -90*q - 176. Let g be v(-11). What is the greatest common factor of g and 185?
37
Suppose 23 = 4*t + 3*u, -28 = -4*t + 2*u - 10. Suppose -y + 4*s - 3 = -17, s = -t*y + 49. Calculate the greatest common factor of y and 4.
2
Let c(y) = 4779*y**3 + y**2 + 89*y - 90. Let s be c(1). What is the greatest common